e the remainder when m is divided by q.
37
Let a(k) = k**3 + 69*k**2 + 53*k - 952. What is the remainder when a(-68) is divided by 20?
8
Let y(z) = 25*z - 53. Let x be 4 + (-108)/28 - 152/(-14). What is the remainder when y(x) is divided by 28?
26
Suppose 3*j + 111 = 6*j - 2*t, 3*j = -4*t + 111. Suppose -j*d + 17*d = -1340. What is the remainder when d is divided by 27?
13
Let i = 2430 + -2375. Calculate the remainder when 1041 is divided by i.
51
Suppose w = 90 - 0. Let h be 28/84*(1 - 760). Let a = h - -299. What is the remainder when w is divided by a?
44
Let u = 5983 + -5968. What is the remainder when 2/6 - 532/(-6) is divided by u?
14
Let l = 6288 - 2812. What is the remainder when l is divided by 57?
56
What is the remainder when (-32)/(-24) + -1 + 5/(30/3688) is divided by 119?
20
Suppose -8*j = 10 - 114. Calculate the remainder when 20 is divided by (-92)/69*(j/(-2) + 2).
2
Suppose 0 = -23*f + 7348 - 2642 + 6058. Calculate the remainder when 954 is divided by f.
18
Suppose -2*r + 378 = -3*f - 395, 0 = r + 2*f - 390. What is the remainder when r is divided by ((-30)/(-24) - 11)/((-3)/20)?
63
Let b(v) = 3*v + 459 - 456 + 6*v**2 + 7*v**2 - 6*v**2. Calculate the remainder when 148 is divided by b(-2).
23
What is the remainder when 2440 is divided by 13/26*(143 + 1 + -8)?
60
Let u be (9/(-5) - 1)*(1 - 6). Suppose 9*r = u*r - 135. What is the remainder when (-108)/(-1) - 1 - 2 is divided by r?
24
Let n = -998 + 1434. Suppose 7*y - 43 = -64. Calculate the remainder when 219 is divided by n/(-24)*y - 2/(-4).
54
Let f be (-30)/7 + (-8)/(-28) + -86. Let u = f - -124. Let j = u + -22. Calculate the remainder when j is divided by 9.
3
Suppose 5*h = -25, 681 = 5*x - x - 5*h. What is the remainder when 970 is divided by x?
150
Let n(w) = w**3 - 9*w**2 - 18*w - 34. Let i(m) = -m - 27. Let s be i(-38). What is the remainder when 55 is divided by n(s)?
5
Suppose d - 3*v - 9 = 0, -2*d - v + 23 = -2*v. Let g be (-6)/15*(-168 - -3). Suppose -5*h + g = -29. What is the remainder when h is divided by d?
7
Suppose 4*n = -4*f + 332, -70*f - 5*n + 330 = -66*f. What is the remainder when f is divided by 36*((-4)/3)/(-2)?
13
Let b = 21132 - 11571. What is the remainder when b is divided by 73?
71
Suppose -2*v = -4*y + 58, -4 = v - 3. Suppose 0 = -9*q + 4*q - 2*h + 28, 4*h = -3*q + y. Calculate the remainder when 55 is divided by q.
1
Suppose 4*n + 11*n + 5*n = 30300. What is the remainder when 4545 is divided by n?
0
Let r(g) = -6*g**2 - 92*g - 10. What is the remainder when r(-15) is divided by 12?
8
Let f be 0/(10/15*3). Suppose f*z - 3*z = -18. Suppose 60 = z*x - x. Calculate the remainder when 42 is divided by x.
6
Suppose -407 = -5*u + 3*n, 5*u + 70*n - 74*n - 406 = 0. What is the remainder when 408 is divided by u?
80
Suppose -6*b - 2 = -14. Let i(r) = r**3 + 31*r**2 + 233*r - 54. Calculate the remainder when i(-17) is divided by b.
1
Let j = -19427 + 25245. What is the remainder when j is divided by 71?
67
Let k = 477 + -559. Suppose 5*n = -319 + 1449. Let h = k + n. Calculate the remainder when h is divided by 21.
18
Let j(s) = 4*s**2 + 60*s + 1. Let v = -358 + 343. What is the remainder when 5 is divided by j(v)?
0
Suppose -3*v = -y - 97, v - 2*v - 4 = 0. Let z = y + 121. Calculate the remainder when z is divided by 9.
3
Let t(b) = 1 + 37 + 15*b - b**2 - 13. Let u(a) = a + 6. Calculate the remainder when t(16) is divided by u(0).
3
Let x(h) = -21*h + 45. Let b be x(-12). Suppose 9*i - b = -27. What is the remainder when 59 is divided by i?
29
Let v(w) = 7*w + 75. Let u be v(-9). Let r(b) = 2*b**2 - 22*b + 15. Calculate the remainder when 87 is divided by r(u).
9
Suppose 2*v = 5*h - 124, 649*v = h + 650*v - 22. What is the remainder when 122 is divided by h?
2
Let l(i) = -i**3 - 8*i**2 - i - 6. Let n be l(-8). Suppose 15 = 5*j - n*c - 18, 32 = 5*j - 3*c. What is the remainder when 2/(-4) - (-66)/4 is divided by j?
2
Suppose 0 = 4*i - 2 + 14, 63 = q - i. Suppose v + q = z, -3*v + 116 = 2*z - 7*v. Suppose -5*d = 11*d - 336. Calculate the remainder when z is divided by d.
20
Calculate the remainder when 158 is divided by ((-5)/(75/(-162)))/(76/190).
23
Suppose -156 = -29*a + 7*a + 240. What is the remainder when 1564 is divided by a?
16
Calculate the remainder when (0 - 3) + 4 - (21 - 2 - 9519) is divided by 264.
261
Let c = 176 + 447. Let o = c - 613. What is the remainder when o is divided by 2?
0
Let v = -22862 + 22925. What is the remainder when 3021 is divided by v?
60
Let f(t) = t**3 - 11*t - 14. Let r be (78/12)/13*14. Calculate the remainder when f(r) is divided by 32.
28
Let q = -1300 - -1330. Calculate the remainder when 139 is divided by q.
19
Let r(o) = -5*o**2 + 50*o + 71. Suppose 8*k = 3*k + 255. Calculate the remainder when k is divided by r(11).
3
Let m = -801 + 1052. Let l = -488 + 524. Calculate the remainder when m is divided by l.
35
Let k = -15814 - -15847. Calculate the remainder when 2038 is divided by k.
25
Let b = -13297 + 13353. Calculate the remainder when 674 is divided by b.
2
Let n = -35972 + 36590. Calculate the remainder when n is divided by 593.
25
Calculate the remainder when -13 + 55*28/10 is divided by 40.
21
Let c = 8158 + -8065. What is the remainder when 10971 is divided by c?
90
Let q = -104 - -104. Calculate the remainder when 4 - 2 - q - -51 is divided by 31.
22
Let m(a) = 7*a - 7. Suppose 0*f = -4*f. Suppose 8*l + f - 440 = 0. Calculate the remainder when l is divided by m(5).
27
Let a(h) = h**3 - 12*h**2 - 401*h - 88. Calculate the remainder when 4033 is divided by a(27).
13
Let i = 91 - 25. Suppose -62 = l - i. Suppose -l*j + 4*q + 2 = -18, 3*j + 4*q = 22. What is the remainder when j is divided by 3?
0
Suppose 5*u + 4*z = -10, 11*z + 6 = -2*u + 9*z. Suppose -4*f = f - 3*q - 426, u*q = 6. What is the remainder when f is divided by 24?
15
Let v be (-1 + 2)/3*3. What is the remainder when 20 is divided by 0 - v - 3 - (-90)/9?
2
Let r = 3718 - 3650. Let b = 436 + -171. Calculate the remainder when b is divided by r.
61
Let x = 1082 - -472. What is the remainder when x is divided by 17?
7
Let a = 4 + -7. Let o(x) = 17*x**3 + 2*x**2 + 4*x + 3. Let z(b) = -b**3 - b - 1. Let w(m) = a*z(m) - o(m). What is the remainder when 75 is divided by w(-1)?
10
Suppose 3*z + 16604 = 34*z - 6863. Calculate the remainder when z is divided by 5.
2
Let x(l) = -15*l**3 + l**2 - 5*l - 4. Let a(t) = 2*t**3 + t**2 - 28*t + 1. Calculate the remainder when x(-2) is divided by a(4).
31
Let z = -3716 - -5610. Calculate the remainder when z is divided by 13.
9
Let x = 2760 + -1803. Suppose 4*a = u - 942, x = -0*u + u - a. Suppose -9*z = -22*z + u. Calculate the remainder when z is divided by 20.
14
Suppose u = -4*p + 81, 2*u + 36 = 4*p + 174. What is the remainder when u is divided by 72?
1
Calculate the remainder when 396 is divided by 88/(-4)*-1*(18 - 14).
44
Let s be (-15)/(-6)*42/5. Suppose g + 3 - s = 0. Suppose -4 = d, g = -3*v - 2*d + 49. Calculate the remainder when v is divided by 6.
1
Let p be 279/12 - (-2)/(-8). Let y(q) = q**2 - 11*q + 27. Let c be y(p). Suppose -3*w + c = -54. What is the remainder when w is divided by 20?
19
Let v = 24 + 1. Suppose -3*g = -3*j - 216, -2*g + 285*j = 290*j - 144. Calculate the remainder when g is divided by v.
22
Let w = -4 + 17. Let k = 1625 + -1113. Suppose 7*v - k = 832. What is the remainder when v is divided by w?
10
Suppose 49*n = 13*n + 864. Let v = 8 - 5. Suppose 5*k = -5, 2*b = -v*k - k + n. Calculate the remainder when b is divided by 5.
4
Let u(z) = 2*z**3 + 15*z**2 + 6*z - 13. Let s be u(-7). Let w(g) = -g**2 - 9*g + 2. What is the remainder when (-285)/s - (-1)/2 is divided by w(-8)?
8
Let r = -97 + 93. Let v be (-4 - (r - -4)) + (-92)/(-2). Calculate the remainder when 285 is divided by (-1 + v)*(5 - (1 + 3)).
39
Let l(m) = 3*m**2 + 19*m - 58. Let f be l(-11). Let c(a) = -6*a**2 + 2*a + 3. Let t be c(4). Let h = f + t. Calculate the remainder when 120 is divided by h.
10
Suppose j = -32*j - 8184. Let u = 268 + j. Calculate the remainder when 118 is divided by u.
18
Let w(i) = 14*i + 4. Let u be (-18752)/(-48)*(-3)/(-4). Let q = u + -269. What is the remainder when w(3) is divided by q?
22
Let k = -41 + 54. Let d = -154 + 189. Suppose -41*s + 228 = -d*s. What is the remainder when